e tens digit of y(p)?
4
Let l be 20/4*(-64)/(-20). What is the units digit of (8 - 168/l)*-202?
5
Suppose -l + 3*a + 47794 = 0, 74*l - 73*l - 47774 = -a. What is the hundreds digit of l?
7
What is the thousands digit of -1*138/3*((-6492)/24 - -3)?
2
Let y(i) = 17*i**2 + 60*i + 546. What is the hundreds digit of y(-14)?
0
Let j be 8/(-4) - (-2 + -3). What is the hundreds digit of 8/((j - (-155)/(-50))/(-5))?
4
Let m(z) be the second derivative of 7*z**3/3 + 15*z**2/2 + 277*z. Let d(q) = 4*q**2 - q + 1. Let y be d(1). What is the units digit of m(y)?
1
Let l = 38 + -38. Suppose l = -6*k + 6. What is the tens digit of (-32)/(k*10/(-25))?
8
Let k(a) = 3. Let w(t) = -73*t**2 - 6*t - 8. Let i(y) = -5*k(y) - w(y). What is the tens digit of i(-3)?
3
Let s = 13068 + -7558. What is the units digit of s?
0
Let y = 1154 - 551. What is the tens digit of 1*y + 378/42?
1
Let l(b) = -17*b + 121. Suppose 2*h + 0*m + 22 = -5*m, -8 = -2*m. What is the hundreds digit of l(h)?
4
Let c = -2330 + 7513. What is the thousands digit of c?
5
Let p(a) = -a**3 + 18*a**2 + a + 36. Suppose 8 + 1 = -3*l, -3*l = -b + 23. What is the hundreds digit of p(b)?
8
Suppose -j + 1301 = d - 2512, -19061 = -5*d - 3*j. What is the thousands digit of d?
3
Let z(q) = -2*q**2 + 10*q - 1. Let k be z(8). Let i = -48 - k. What is the units digit of (i*(-4)/(-6))/(28/1554)?
7
Suppose -110796 = -4*l - 4*v, -2*l = -v - 57858 + 2445. What is the ten thousands digit of l?
2
Let q(t) = -25*t - t**3 + 33*t**2 - 13*t**2 - 10 + 0*t**3. Let j be q(18). Suppose -j = -4*n + 64. What is the tens digit of n?
6
Let x be (4 + -6)/(-5 - 1146/(-230)). Let o = x - 90. What is the tens digit of o?
2
Let n(p) = p**3 - 25*p**2 + 6*p + 12. Let w(y) = -2*y**3 + 50*y**2 - 11*y - 24. Let t(v) = 13*n(v) + 6*w(v). What is the tens digit of t(25)?
1
Let f = -52627 - -116754. What is the hundreds digit of f?
1
Let h = -68 - -73. Suppose -14*n = -h*n - 351. What is the tens digit of n?
3
Suppose 4*k - 3*z - 2005 - 2502 = 0, -5*k = -z - 5631. Suppose -3*x = -k - 584. What is the hundreds digit of x?
5
Let c(q) = -6*q - 33. Let f be -5 + 3 - (-4 + 10). What is the units digit of c(f)?
5
Suppose 61*d = -103*d + 14270788. What is the tens digit of d?
1
Let a(z) = 15*z + 6. Let f(u) = 29*u + 12. Let p(n) = -7*a(n) + 4*f(n). What is the units digit of p(30)?
6
What is the ten thousands digit of ((-1299)/(-15))/(-14 + 33121/2365)?
1
Let c(x) = -x**3 - 15*x**2 + 17*x + 20. Let b(m) = m**2 - 6*m - 8. Let t be b(4). Let g be c(t). What is the units digit of (-1758)/(-15) - g/(-5)?
8
Suppose 5*d - 30 = 3*d. Suppose -47*h = -46*h - d. Suppose -h*q = -17*q + 186. What is the tens digit of q?
9
Let z = 340 + -360. What is the tens digit of 198 - (1 + z/5)?
0
Let f = 6162 + -3146. What is the hundreds digit of f?
0
Suppose 0 = -n - n, -3*n + 15 = 5*y. Suppose y*d + 11 = -l, 4*l + 2*d + 12 = -2*d. What is the units digit of (22/(3 + -1) - l)*1?
0
Suppose 0 = 3*l + 94 + 191. Let w = l - -290. What is the tens digit of w?
9
Let k = -8900 + 33392. What is the thousands digit of k?
4
Let q(u) = 4*u - 2. Let i(r) be the third derivative of -r**4/6 - 13*r**2. Let z be i(-1). What is the tens digit of q(z)?
1
Let u be 7 - (601 + -6)*-5. Suppose j + d = 744, 2*d - u = -10*j + 6*j. What is the units digit of j?
7
Let g(m) = 2*m**2 - 8*m - 4. Let o = 79 - 76. Let t(z) = 9*z**2 - 23*z + 1. Let v be t(o). What is the hundreds digit of g(v)?
2
Suppose -291*r = -309*r + 247356. What is the units digit of r?
2
Let f be 1790*(15/6 + -1). Suppose 10*b - f = -5*b. What is the units digit of b?
9
Let m = -18 - -12. Let h(x) = -9*x**2 + 8*x**2 + 0 + 14 - 10*x. What is the tens digit of h(m)?
3
Suppose 3*v - 3*f + 3 = -9, -3*v + f - 8 = 0. Let i be -1*1/v*0. Suppose -12*b + 16*b - 260 = i. What is the units digit of b?
5
Suppose -k = -1, -3*m + 2*k + 9 = -1. Let s be ((-1)/(-4))/(m/48). Suppose 0 = 2*r + s*r - 305. What is the units digit of r?
1
Suppose 21*w - 4*o = 24*w - 14874, 24819 = 5*w - 3*o. What is the hundreds digit of w?
9
Suppose 5*f = -l - 158, 2 = -0*l + l. What is the tens digit of ((-312)/f)/(6/16)?
2
Suppose -20*h - 21 = -27*h. Suppose h*z + 2*j = 2964, 4*z = -3*j - 2*j + 3945. What is the hundreds digit of z?
9
Suppose -2*w = 3*w - 3*h - 2894, -3*w = h - 1742. Suppose 0 = -3*u + 89 + w. What is the hundreds digit of u?
2
Suppose 14475 + 94557 = -4*t. Let c be 2/(-9) + t/297. Let o = -29 - c. What is the tens digit of o?
6
Suppose -4171 = -17*w + 2612. Let o = 494 - w. What is the units digit of o?
5
Let i(b) = 3827*b**3 + 3*b**2 - 22*b + 21. What is the tens digit of i(1)?
2
Let g(n) = n**3 - 11*n**2 + 21*n - 8. Suppose -b - 9 = -45. Suppose -3 = 3*h - b. What is the units digit of g(h)?
3
Let t be (-47)/(-9) - 16/72 - -111. What is the hundreds digit of t/10*(-250)/(-20)?
1
Suppose -3*t = -5*t + 112. Let b = t + -21. Suppose 5*o - b = o + 5*y, -55 = -2*o - 5*y. What is the tens digit of o?
1
Let l = 146070 - 97975. What is the units digit of l?
5
Let c = -224 - -226. Suppose -c*d + i + 64 = 0, d - 3*i = -0*i + 32. What is the units digit of d?
2
Let o(f) = -9*f**2 - 59*f. Let k = 409 - 414. What is the tens digit of o(k)?
7
What is the hundreds digit of (-133054)/(-18) + (-110)/(-990)?
3
Let n be (-3)/(-1) - (-3 - 21). Let k = n - 45. What is the units digit of 63/2 - (-9)/k?
1
Let h be -2*(-6)/20 + 904/10. Suppose 3*v + 136 = -5*l, 5*v - 3*v = -3*l - h. Let c = 63 + v. What is the tens digit of c?
1
Let c(i) = i**2 - 46*i + 50. Let t be c(45). Suppose -15*r = t*l - 13*r - 3966, -2388 = -3*l + 3*r. What is the hundreds digit of l?
7
Suppose 396 = -32*a + 44*a. Suppose 3*l + 2*l + a = 4*r, r + 3*l = 21. What is the units digit of r?
2
What is the hundreds digit of 7624/72 - 2/(-18)?
1
Let x be (-4)/(28/(-5)) + 4/14. Suppose -r - 2 = -4*q, 0 = -2*r + q + 2*q + x. What is the tens digit of (11/r)/((1/(-1))/(-18))?
9
Let d = 10479 + -6859. What is the thousands digit of d?
3
Suppose 2*f - 16 = -2*d, 5*d - 2*d - 5*f + 8 = 0. Suppose -d*s + 117 = p, -3 = -p - 2*p. Suppose 24*g = s*g - 255. What is the units digit of g?
1
Suppose -3*z = -5*s + 16, -s - 4*s + 5*z = -10. Let a(d) = d**3 - d**2 - 6*d + 3. Let g be a(s). Suppose t = g + 69. What is the tens digit of t?
4
Let j = 93 + -88. Suppose 10*t - j*t = 1270. What is the hundreds digit of t?
2
Let t = 1261 - 625. Suppose 2*i - t = 2*b, -i + 4*b + 955 = 2*i. What is the tens digit of i?
1
Let b(z) = z**3 + 20*z**2 - 41*z + 26. Suppose -4*q + 66 = -3*m, -m - 22 = -0*m + 3*q. Let y be b(m). Let j = 83 + y. What is the tens digit of j?
4
Let u(f) = 2*f**3 + 23*f**2 - 8*f + 51. Let z be u(-12). Suppose 0*v = -v - p + 297, 5*v - z*p - 1469 = 0. What is the tens digit of v?
9
Suppose 2*r - x - 59 = 13, 2 = x. Suppose 12*d - 32389 = -r*d. What is the hundreds digit of d?
6
Suppose 0 = -w + 6. Suppose -w*i + 5*i = -142. Suppose 0*n = -2*n - 2*b + i, -5*n - b = -339. What is the tens digit of n?
6
Suppose -3*t - 89 = -4*q, -2*q - 3*t - 2*t = -51. Let z = -21 + q. What is the tens digit of (z - 100/6)/(3/(-9))?
4
Let j = 641 - 955. Let b = 105 - j. What is the hundreds digit of b?
4
Let i = 84750 - 49465. What is the tens digit of i?
8
Let o = 14550 + -3314. What is the ten thousands digit of o?
1
Let v = -133 - -68. What is the tens digit of (-29)/(1740/1296)*v/2?
0
Let g = -766 + 1508. Suppose -3*p - g + 4297 = 0. What is the thousands digit of p?
1
Suppose y - q + 319 = 2*y, -3*q = -15. Suppose 2*c - y = 138. What is the hundreds digit of c?
2
Suppose -2*h + 11*s - 8*s + 29010 = 0, 3*s = -h + 14487. What is the thousands digit of h?
4
Let f = -3013 + 3103. Let y be 8/10*10/4. Suppose -3*g = y*d - 50, 5*g = -8*d + 3*d + f. What is the tens digit of g?
1
Suppose -3*h + k = h - 168, -4*h + 168 = 3*k. What is the tens digit of 6/(h/9503) - 12/21?
5
Let r(l) = -2359*l + 463. What is the thousands digit of r(-9)?
1
Suppose 111*v + 2*z = 115*v + 46, 3*z = 4*v + 41. What is the units digit of ((-4)/(-8)*4)/(v/(-7147))?
1
Let r be (-40)/(-100) - (-183)/5. Suppose 43*v - r*v = 30. What is the units digit of v?
5
Let p(r) = 128*r**2 - 61*r + 183. What is the units digit of p(6)?
5
Let q(h) = h + 10. Let k be q(5). Let a = k + 229. Suppose -a = -6*y + 950. What is the units digit of y?
9
Suppose 3*i - 2959 = -